{"id":563,"date":"2024-01-14T16:03:22","date_gmt":"2024-01-14T13:03:22","guid":{"rendered":"https:\/\/auc.edu.tr\/kibrisaday\/?page_id=563"},"modified":"2025-05-14T10:51:55","modified_gmt":"2025-05-14T07:51:55","slug":"basvuru-formu","status":"publish","type":"page","link":"https:\/\/auc.edu.tr\/kibrisaday\/basvuru-formu\/","title":{"rendered":"K\u0131br\u0131s Aday Ba\u015fvuru Formu"},"content":{"rendered":"\t\t<div data-elementor-type=\"wp-page\" data-elementor-id=\"563\" class=\"elementor elementor-563\" data-elementor-post-type=\"page\">\n\t\t\t\t<div data-dce-background-overlay-color=\"#000000\" data-dce-background-image-url=\"https:\/\/auc.edu.tr\/kibrisaday\/wp-content\/uploads\/sites\/3\/2024\/01\/AUC-CAMPUSPHOTOS23-11.jpg\" class=\"elementor-element elementor-element-aea9154 e-flex e-con-boxed e-con e-parent\" data-id=\"aea9154\" data-element_type=\"container\" data-settings=\"{&quot;background_background&quot;:&quot;classic&quot;}\">\n\t\t\t\t\t<div class=\"e-con-inner\">\n\t\t\t\t<div class=\"elementor-element elementor-element-bd3f815 elementor-invisible elementor-widget elementor-widget-theme-post-title elementor-page-title elementor-widget-heading\" data-id=\"bd3f815\" data-element_type=\"widget\" data-settings=\"{&quot;_animation&quot;:&quot;fadeIn&quot;}\" data-widget_type=\"theme-post-title.default\">\n\t\t\t\t<div class=\"elementor-widget-container\">\n\t\t\t<h1 class=\"elementor-heading-title elementor-size-default\">K\u0131br\u0131s Aday Ba\u015fvuru Formu<\/h1>\t\t<\/div>\n\t\t\t\t<\/div>\n\t\t\t\t\t<\/div>\n\t\t\t\t<\/div>\n\t\t<div class=\"elementor-element elementor-element-b47314e e-con-full e-flex e-con e-parent\" data-id=\"b47314e\" data-element_type=\"container\">\n\t\t\t\t<div class=\"elementor-element elementor-element-889a348 elementor-widget elementor-widget-progress-tracker\" data-id=\"889a348\" data-element_type=\"widget\" data-settings=\"{&quot;sticky&quot;:&quot;top&quot;,&quot;sticky_offset&quot;:100,&quot;sticky_offset_mobile&quot;:80,&quot;type&quot;:&quot;horizontal&quot;,&quot;relative_to&quot;:&quot;entire_page&quot;,&quot;percentage&quot;:&quot;no&quot;,&quot;sticky_on&quot;:[&quot;desktop&quot;,&quot;tablet&quot;,&quot;mobile&quot;],&quot;sticky_effects_offset&quot;:0}\" data-widget_type=\"progress-tracker.default\">\n\t\t\t\t<div class=\"elementor-widget-container\">\n\t\t\t\n\t\t<div class=\"elementor-scrolling-tracker elementor-scrolling-tracker-horizontal elementor-scrolling-tracker-alignment-\">\n\t\t\t\t\t\t<div class=\"current-progress\">\n\t\t\t\t\t<div class=\"current-progress-percentage\"><\/div>\n\t\t\t\t<\/div>\n\t\t\t\t<\/div>\n\t\t\t\t<\/div>\n\t\t\t\t<\/div>\n\t\t\t\t<\/div>\n\t\t<div class=\"elementor-element elementor-element-07e001f e-flex e-con-boxed e-con e-parent\" data-id=\"07e001f\" data-element_type=\"container\">\n\t\t\t\t\t<div class=\"e-con-inner\">\n\t\t\t\t<div class=\"elementor-element elementor-element-ef4e493 elementor-widget elementor-widget-spacer\" data-id=\"ef4e493\" data-element_type=\"widget\" data-widget_type=\"spacer.default\">\n\t\t\t\t<div class=\"elementor-widget-container\">\n\t\t\t\t\t<div class=\"elementor-spacer\">\n\t\t\t<div class=\"elementor-spacer-inner\"><\/div>\n\t\t<\/div>\n\t\t\t\t<\/div>\n\t\t\t\t<\/div>\n\t\t\t\t\t<\/div>\n\t\t\t\t<\/div>\n\t\t<div class=\"elementor-element elementor-element-c1b5a2c e-flex e-con-boxed e-con e-parent\" data-id=\"c1b5a2c\" data-element_type=\"container\">\n\t\t\t\t\t<div class=\"e-con-inner\">\n\t\t<div class=\"elementor-element elementor-element-e2c1e4d e-flex e-con-boxed elementor-invisible e-con e-child\" data-id=\"e2c1e4d\" data-element_type=\"container\" data-settings=\"{&quot;animation&quot;:&quot;fadeInUp&quot;}\">\n\t\t\t\t\t<div class=\"e-con-inner\">\n\t\t\t\t<div class=\"elementor-element elementor-element-c90ef7d elementor-widget elementor-widget-wpforms\" data-id=\"c90ef7d\" data-element_type=\"widget\" data-widget_type=\"wpforms.default\">\n\t\t\t\t<div class=\"elementor-widget-container\">\n\t\t\t<style id=\"wpforms-css-vars-root\">\n\t\t\t\t:root {\n\t\t\t\t\t--wpforms-field-border-radius: 3px;\n--wpforms-field-background-color: #ffffff;\n--wpforms-field-border-color: rgba( 0, 0, 0, 0.25 );\n--wpforms-field-text-color: rgba( 0, 0, 0, 0.7 );\n--wpforms-label-color: rgba( 0, 0, 0, 0.85 );\n--wpforms-label-sublabel-color: rgba( 0, 0, 0, 0.55 );\n--wpforms-label-error-color: #d63637;\n--wpforms-button-border-radius: 3px;\n--wpforms-button-background-color: #066aab;\n--wpforms-button-text-color: #ffffff;\n--wpforms-field-size-input-height: 43px;\n--wpforms-field-size-input-spacing: 15px;\n--wpforms-field-size-font-size: 16px;\n--wpforms-field-size-line-height: 19px;\n--wpforms-field-size-padding-h: 14px;\n--wpforms-field-size-checkbox-size: 16px;\n--wpforms-field-size-sublabel-spacing: 5px;\n--wpforms-field-size-icon-size: 1;\n--wpforms-label-size-font-size: 16px;\n--wpforms-label-size-line-height: 19px;\n--wpforms-label-size-sublabel-font-size: 14px;\n--wpforms-label-size-sublabel-line-height: 17px;\n--wpforms-button-size-font-size: 17px;\n--wpforms-button-size-height: 41px;\n--wpforms-button-size-padding-h: 15px;\n--wpforms-button-size-margin-top: 10px;\n\n\t\t\t\t}\n\t\t\t<\/style><div class=\"wpforms-container wpforms-render-modern\" id=\"wpforms-850\"><form id=\"wpforms-form-850\" class=\"wpforms-validate wpforms-form\" data-formid=\"850\" method=\"post\" enctype=\"multipart\/form-data\" action=\"\/kibrisaday\/wp-json\/wp\/v2\/pages\/563\" data-token=\"5ae9db9ad8ddc57c5eac32103f1c0f2d\"><noscript class=\"wpforms-error-noscript\">Bu formu bitirebilmek i\u00e7in taray\u0131c\u0131n\u0131zda JavaScript&#039;i etkinle\u015ftirin.<\/noscript><div class=\"wpforms-hidden\" id=\"wpforms-error-noscript\">Bu formu bitirebilmek i\u00e7in taray\u0131c\u0131n\u0131zda JavaScript&#039;i etkinle\u015ftirin.<\/div><div class=\"wpforms-field-container\"><div id=\"wpforms-850-field_14-container\" class=\"wpforms-field wpforms-field-layout\" data-field-id=\"14\"><label class=\"wpforms-field-label wpforms-label-hide\" for=\"wpforms-850-field_14\" aria-hidden=\"false\">Yerle\u015fim<\/label><div class=\"wpforms-field-layout-columns wpforms-field-layout-preset-50-50\"><div class=\"wpforms-layout-column wpforms-layout-column-50\"><div id=\"wpforms-850-field_15-container\" class=\"wpforms-field wpforms-field-text\" data-field-id=\"15\"><label class=\"wpforms-field-label\" for=\"wpforms-850-field_15\">Ad\u0131n\u0131z <span class=\"wpforms-required-label\" aria-hidden=\"true\">*<\/span><\/label><input type=\"text\" id=\"wpforms-850-field_15\" class=\"wpforms-field-medium wpforms-field-required\" name=\"wpforms[fields][15]\" aria-errormessage=\"wpforms-850-field_15-error\" required><\/div><\/div><div class=\"wpforms-layout-column wpforms-layout-column-50\"><div id=\"wpforms-850-field_16-container\" class=\"wpforms-field wpforms-field-text\" data-field-id=\"16\"><label class=\"wpforms-field-label\" for=\"wpforms-850-field_16\">Soyad\u0131n\u0131z <span class=\"wpforms-required-label\" aria-hidden=\"true\">*<\/span><\/label><input type=\"text\" id=\"wpforms-850-field_16\" class=\"wpforms-field-medium wpforms-field-required\" name=\"wpforms[fields][16]\" aria-errormessage=\"wpforms-850-field_16-error\" required><\/div><\/div><\/div><\/div><div id=\"wpforms-850-field_2-container\" class=\"wpforms-field wpforms-field-layout\" data-field-id=\"2\"><label class=\"wpforms-field-label wpforms-label-hide\" for=\"wpforms-850-field_2\" aria-hidden=\"false\">Yerle\u015fim<\/label><div class=\"wpforms-field-layout-columns wpforms-field-layout-preset-50-50\"><div class=\"wpforms-layout-column wpforms-layout-column-50\"><div id=\"wpforms-850-field_4-container\" class=\"wpforms-field wpforms-field-email\" data-field-id=\"4\"><label class=\"wpforms-field-label\" for=\"wpforms-850-field_4\">E-posta <span class=\"wpforms-required-label\" aria-hidden=\"true\">*<\/span><\/label><input type=\"email\" id=\"wpforms-850-field_4\" class=\"wpforms-field-medium wpforms-field-required\" name=\"wpforms[fields][4]\" spellcheck=\"false\" aria-errormessage=\"wpforms-850-field_4-error\" required><\/div><\/div><div class=\"wpforms-layout-column wpforms-layout-column-50\"><div id=\"wpforms-850-field_3-container\" class=\"wpforms-field wpforms-field-phone\" data-field-id=\"3\"><label class=\"wpforms-field-label\" for=\"wpforms-850-field_3\">Telefon <span class=\"wpforms-required-label\" aria-hidden=\"true\">*<\/span><\/label><input type=\"tel\" id=\"wpforms-850-field_3\" class=\"wpforms-field-medium wpforms-field-required wpforms-smart-phone-field\" data-rule-smart-phone-field=\"true\" name=\"wpforms[fields][3]\" aria-errormessage=\"wpforms-850-field_3-error\" required><\/div><\/div><\/div><\/div><div id=\"wpforms-850-field_19-container\" class=\"wpforms-field wpforms-field-text\" data-field-id=\"19\"><label class=\"wpforms-field-label\" for=\"wpforms-850-field_19\">Adres <span class=\"wpforms-required-label\" aria-hidden=\"true\">*<\/span><\/label><input type=\"text\" id=\"wpforms-850-field_19\" class=\"wpforms-field-large wpforms-field-required\" name=\"wpforms[fields][19]\" aria-errormessage=\"wpforms-850-field_19-error\" required><\/div><div id=\"wpforms-850-field_7-container\" class=\"wpforms-field wpforms-field-select wpforms-conditional-trigger wpforms-field-select-style-classic\" data-field-id=\"7\"><label class=\"wpforms-field-label\" for=\"wpforms-850-field_7\">Program Se\u00e7imi <span class=\"wpforms-required-label\" aria-hidden=\"true\">*<\/span><\/label><select id=\"wpforms-850-field_7\" class=\"wpforms-field-large wpforms-field-required\" name=\"wpforms[fields][7]\" required=\"required\"><option value=\"Lisans Programlar\u0131\" >Lisans Programlar\u0131<\/option><option value=\"\u00d6n Lisans Programlar\u0131\" >\u00d6n Lisans Programlar\u0131<\/option><\/select><\/div><div id=\"wpforms-850-field_9-container\" class=\"wpforms-field wpforms-field-select wpforms-conditional-field wpforms-conditional-show wpforms-field-select-style-classic\" data-field-id=\"9\" style=\"display:none;\"><label class=\"wpforms-field-label\" for=\"wpforms-850-field_9\">Lisans Programlar\u0131 <span class=\"wpforms-required-label\" aria-hidden=\"true\">*<\/span><\/label><select id=\"wpforms-850-field_9\" class=\"wpforms-field-large wpforms-field-required\" name=\"wpforms[fields][9]\" required=\"required\"><option value=\"Bilgisayar Teknolojisi ve Bili\u015fim Sistemleri\" >Bilgisayar Teknolojisi ve Bili\u015fim Sistemleri<\/option><option value=\"\u00c7izgi Film ve Animasyon\" >\u00c7izgi Film ve Animasyon<\/option><option value=\"G\u00f6rsel \u0130leti\u015fim Tasar\u0131m\u0131\" >G\u00f6rsel \u0130leti\u015fim Tasar\u0131m\u0131<\/option><option value=\"Hukuk\" >Hukuk<\/option><option value=\"\u0130\u00e7 Mimarl\u0131k ve \u00c7evre Tasar\u0131m\u0131\" >\u0130\u00e7 Mimarl\u0131k ve \u00c7evre Tasar\u0131m\u0131<\/option><option value=\"Mimarl\u0131k\" >Mimarl\u0131k<\/option><option value=\"Plastik Sanatlar\" >Plastik Sanatlar<\/option><option value=\"Psikoloji\" >Psikoloji<\/option><option value=\"Rehberlik ve Psikolojik Dan\u0131\u015fmanl\u0131k\" >Rehberlik ve Psikolojik Dan\u0131\u015fmanl\u0131k<\/option><option value=\"Siyaset Bilimi ve Kamu Y\u00f6netimi\" >Siyaset Bilimi ve Kamu Y\u00f6netimi<\/option><option value=\"Turizm \u0130\u015fletmecili\u011fi\" >Turizm \u0130\u015fletmecili\u011fi<\/option><option value=\"T\u00fcrk\u00e7e \u00d6\u011fretmenli\u011fi\" >T\u00fcrk\u00e7e \u00d6\u011fretmenli\u011fi<\/option><option value=\"Uluslararas\u0131 \u0130li\u015fkiler\" >Uluslararas\u0131 \u0130li\u015fkiler<\/option><option value=\"Uluslararas\u0131 \u0130\u015fletme Y\u00f6netimi\" >Uluslararas\u0131 \u0130\u015fletme Y\u00f6netimi<\/option><\/select><\/div><div id=\"wpforms-850-field_10-container\" class=\"wpforms-field wpforms-field-select wpforms-conditional-field wpforms-conditional-show wpforms-field-select-style-classic\" data-field-id=\"10\" style=\"display:none;\"><label class=\"wpforms-field-label\" for=\"wpforms-850-field_10\">\u00d6n Lisans Programlar\u0131 <span class=\"wpforms-required-label\" aria-hidden=\"true\">*<\/span><\/label><select id=\"wpforms-850-field_10\" class=\"wpforms-field-large wpforms-field-required\" name=\"wpforms[fields][10]\" required=\"required\"><option value=\"Adalet\" >Adalet<\/option><option value=\"Ameliyathane Hizmetleri\" >Ameliyathane Hizmetleri<\/option><option value=\"Anestezi\" >Anestezi<\/option><option value=\"A\u015f\u00e7\u0131l\u0131k\" >A\u015f\u00e7\u0131l\u0131k<\/option><option value=\"Bilgisayar Programc\u0131l\u0131\u011f\u0131\" >Bilgisayar Programc\u0131l\u0131\u011f\u0131<\/option><option value=\"\u00c7ocuk Geli\u015fimi\" >\u00c7ocuk Geli\u015fimi<\/option><option value=\"Eczane Hizmetleri\" >Eczane Hizmetleri<\/option><option value=\"Evde Hasta Bak\u0131m\u0131\" >Evde Hasta Bak\u0131m\u0131<\/option><option value=\"Fizyoterapi\" >Fizyoterapi<\/option><option value=\"\u0130\u00e7 Mekan Tasar\u0131m\u0131\" >\u0130\u00e7 Mekan Tasar\u0131m\u0131<\/option><option value=\"\u0130lk ve Acil Yard\u0131m\" >\u0130lk ve Acil Yard\u0131m<\/option><option value=\"Moda Tasar\u0131m\u0131\" >Moda Tasar\u0131m\u0131<\/option><option value=\"Podoloji\" >Podoloji<\/option><option value=\"Radyoterapi\" >Radyoterapi<\/option><option value=\"Sa\u011fl\u0131k Kurumlar\u0131 \u0130\u015fletmecili\u011fi\" >Sa\u011fl\u0131k Kurumlar\u0131 \u0130\u015fletmecili\u011fi<\/option><option value=\"Sa\u011fl\u0131k Turizmi \u0130\u015fletmecili\u011fi\" >Sa\u011fl\u0131k Turizmi \u0130\u015fletmecili\u011fi<\/option><option value=\"Seramik, Cam ve \u00c7inicilik\" >Seramik, Cam ve \u00c7inicilik<\/option><option value=\"S\u00fcs Bitkileri yeti\u015ftiricili\u011fi\" >S\u00fcs Bitkileri yeti\u015ftiricili\u011fi<\/option><option value=\"T\u0131bbi D\u00f6k\u00fcmantasyon ve Sekreterlik\" >T\u0131bbi D\u00f6k\u00fcmantasyon ve Sekreterlik<\/option><option value=\"T\u0131bbi G\u00f6r\u00fcnt\u00fcleme Teknikleri\" >T\u0131bbi G\u00f6r\u00fcnt\u00fcleme Teknikleri<\/option><option value=\"Ya\u015fl\u0131 Bak\u0131m\u0131\" >Ya\u015fl\u0131 Bak\u0131m\u0131<\/option><\/select><\/div><div id=\"wpforms-850-field_17-container\" class=\"wpforms-field wpforms-field-checkbox\" data-field-id=\"17\"><fieldset><legend class=\"wpforms-field-label\">Onay <span class=\"wpforms-required-label\" aria-hidden=\"true\">*<\/span><\/legend><ul id=\"wpforms-850-field_17\" class=\"wpforms-field-required\"><li class=\"choice-3 depth-1\"><input type=\"checkbox\" id=\"wpforms-850-field_17_3\" name=\"wpforms[fields][17][]\" value=\"Okudum\" aria-errormessage=\"wpforms-850-field_17_3-error\" aria-describedby=\"wpforms-850-field_17-description\" required ><label class=\"wpforms-field-label-inline\" for=\"wpforms-850-field_17_3\">Okudum<\/label><\/li><\/ul><div id=\"wpforms-850-field_17-description\" class=\"wpforms-field-description wpforms-disclaimer-description\">**KKTC vatanda\u015flar\u0131, KKTC liselerinde 4 y\u0131l kesintisiz e\u011fitim alan TC vatanda\u015flar\u0131 ve KKTC liselerinden mezun 3. D\u00fcnya \u00fclkesi vatanda\u015flar\u0131 ba\u015fvuru yapabilir.<\/div><\/fieldset><\/div><\/div><!-- .wpforms-field-container --><div class=\"wpforms-recaptcha-container wpforms-is-recaptcha\" ><div class=\"g-recaptcha\" data-sitekey=\"6LfelG8rAAAAAE5ee5nexrePUaQ6ZX87ctGoFFHy\"><\/div><input type=\"text\" name=\"g-recaptcha-hidden\" class=\"wpforms-recaptcha-hidden\" style=\"position:absolute!important;clip:rect(0,0,0,0)!important;height:1px!important;width:1px!important;border:0!important;overflow:hidden!important;padding:0!important;margin:0!important;\" data-rule-recaptcha=\"1\"><\/div><div class=\"wpforms-submit-container\" ><input type=\"hidden\" name=\"wpforms[id]\" value=\"850\"><input type=\"hidden\" name=\"wpforms[author]\" value=\"1\"><button type=\"submit\" name=\"wpforms[submit]\" id=\"wpforms-submit-850\" class=\"wpforms-submit\" data-alt-text=\"G\u00f6nderiliyor...\" data-submit-text=\"G\u00f6nder\" aria-live=\"assertive\" value=\"wpforms-submit\">G\u00f6nder<\/button><\/div><\/form><\/div>  <!-- .wpforms-container -->\t\t<\/div>\n\t\t\t\t<\/div>\n\t\t\t\t\t<\/div>\n\t\t\t\t<\/div>\n\t\t\t\t\t<\/div>\n\t\t\t\t<\/div>\n\t\t<div class=\"elementor-element elementor-element-75db3b0 e-flex e-con-boxed e-con e-parent\" data-id=\"75db3b0\" data-element_type=\"container\">\n\t\t\t\t\t<div class=\"e-con-inner\">\n\t\t\t\t<div class=\"elementor-element elementor-element-2a8996c elementor-widget elementor-widget-spacer\" data-id=\"2a8996c\" data-element_type=\"widget\" data-widget_type=\"spacer.default\">\n\t\t\t\t<div class=\"elementor-widget-container\">\n\t\t\t\t\t<div class=\"elementor-spacer\">\n\t\t\t<div class=\"elementor-spacer-inner\"><\/div>\n\t\t<\/div>\n\t\t\t\t<\/div>\n\t\t\t\t<\/div>\n\t\t\t\t\t<\/div>\n\t\t\t\t<\/div>\n\t\t\t\t<\/div>\n\t\t","protected":false},"excerpt":{"rendered":"<p>Bu formu bitirebilmek i\u00e7in taray\u0131c\u0131n\u0131zda JavaScript&#039;i etkinle\u015ftirin.Bu formu bitirebilmek i\u00e7in taray\u0131c\u0131n\u0131zda JavaScript&#039;i etkinle\u015ftirin.Yerle\u015fimAd\u0131n\u0131z *Soyad\u0131n\u0131z *Yerle\u015fimE-posta *Telefon * Adres * Adres Sat\u0131r\u0131 1\u015eehirEyalet \/ B\u00f6lgePosta KoduABD K\u00fc\u00e7\u00fck Harici Adalar\u0131AfganistanAlmanyaAmerika Birle\u015fik DevletleriAmerikan Samoas\u0131AndorraAngolaAnguillaAntarktikaAntigua ve BarbudaArjantinArnavutlukArubaAvustralyaAvusturyaAzerbaycanBahamalarBahreynBanglade\u015fBarbadosBat\u0131 SahraBelarusBelizeBel\u00e7ikaBeninBermudaBhutanBirle\u015fik Arap EmirlikleriBolivya (\u00c7ok Uluslu Devlet)Bonaire, Saint Eustatius ve SabaBosna-HersekBotsvanaBouvet Adas\u0131BrezilyaBritanya Hint Okyanusu Topraklar\u0131Brunei DarussalamBulgaristanBurkina FasoBurundiB\u00fcy\u00fck Britanya ve Kuzey \u0130rlanda Birle\u015fik Krall\u0131\u011f\u0131Cabo [&hellip;]<\/p>\n","protected":false},"author":1,"featured_media":568,"parent":0,"menu_order":0,"comment_status":"closed","ping_status":"closed","template":"","meta":{"_themeisle_gutenberg_block_has_review":false,"footnotes":"","_links_to":"","_links_to_target":""},"class_list":["post-563","page","type-page","status-publish","has-post-thumbnail","hentry"],"blocksy_meta":{"page_title_panel":"","has_hero_section":"disabled","8359239f778bbe3bed91b84f8a98834d":"","hero_section":"type-1","hero_elements":[{"id":"custom_title","enabled":true,"heading_tag":"h1","title":"Home"},{"id":"custom_description","enabled":true,"description_visibility":{"desktop":true,"tablet":true,"mobile":false}},{"id":"custom_meta","enabled":false,"meta_elements":[{"id":"author","enabled":true,"label":"By","has_author_avatar":"yes","avatar_size":25},{"id":"post_date","enabled":true,"label":"On","date_format_source":"default","date_format":"M j, Y"},{"id":"updated_date","enabled":false,"label":"On","date_format_source":"default","date_format":"M j, Y"},{"id":"categories","enabled":false,"label":"In","style":"simple"},{"id":"comments","enabled":true}],"page_meta_elements":{"joined":true,"articles_count":true,"comments":true}},{"id":"breadcrumbs","enabled":false}],"621fe1f720f11312a84fdfcd7da30690":"","hero_alignment1":"CT_CSS_SKIP_RULE","hero_margin":40,"hero_alignment2":"center","hero_vertical_alignment":"center","d3c34b06105b21298f295a81324d50aa":"","hero_structure":"narrow","1ef2fbf48ad24a43b9dcd4769ba797b5":"","page_title_bg_type":"featured_image","custom_hero_background":{"attachment_id":null},"page_title_image_size":"full","parallax":{"desktop":false,"tablet":false,"mobile":false},"d2eeb83f4a3a9c7437eb3779e9a1781f":"","hero_height":"250px","pageTitleFont":{"family":"Default","variation":"Default","size":"30px","line-height":"CT_CSS_SKIP_RULE","letter-spacing":"CT_CSS_SKIP_RULE","text-transform":"CT_CSS_SKIP_RULE","text-decoration":"CT_CSS_SKIP_RULE"},"pageTitleFontColor":{"default":{"color":"CT_CSS_SKIP_RULEDEFAULT"}},"pageMetaFont":{"family":"Default","variation":"n6","size":"12px","line-height":"1.3","letter-spacing":"CT_CSS_SKIP_RULE","text-transform":"uppercase","text-decoration":"CT_CSS_SKIP_RULE"},"pageMetaFontColor":{"default":{"color":"CT_CSS_SKIP_RULEDEFAULT"},"hover":{"color":"CT_CSS_SKIP_RULEDEFAULT"}},"page_meta_button_type_font_colors":{"default":{"color":"CT_CSS_SKIP_RULEDEFAULT"},"hover":{"color":"CT_CSS_SKIP_RULEDEFAULT"}},"page_meta_button_type_background_colors":{"default":{"color":"CT_CSS_SKIP_RULEDEFAULT"},"hover":{"color":"CT_CSS_SKIP_RULEDEFAULT"}},"pageExcerptFont":{"family":"Default","variation":"Default","size":"CT_CSS_SKIP_RULE","line-height":"CT_CSS_SKIP_RULE","letter-spacing":"CT_CSS_SKIP_RULE","text-transform":"CT_CSS_SKIP_RULE","text-decoration":"CT_CSS_SKIP_RULE"},"pageExcerptColor":{"default":{"color":"CT_CSS_SKIP_RULEDEFAULT"}},"breadcrumbsFont":{"family":"Default","variation":"Default","size":"CT_CSS_SKIP_RULE","line-height":"CT_CSS_SKIP_RULE","letter-spacing":"CT_CSS_SKIP_RULE","text-transform":"CT_CSS_SKIP_RULE","text-decoration":"CT_CSS_SKIP_RULE"},"breadcrumbsFontColor":{"default":{"color":"CT_CSS_SKIP_RULEDEFAULT"},"initial":{"color":"CT_CSS_SKIP_RULEDEFAULT"},"hover":{"color":"CT_CSS_SKIP_RULEDEFAULT"}},"pageTitleOverlay":{"background_type":"color","background_pattern":"type-1","background_image":{"attachment_id":null,"x":0,"y":0},"gradient":"linear-gradient(135deg,rgba(6,147,227,1) 0%,rgb(155,81,224) 100%)","background_repeat":"repeat","background_size":"auto","background_attachment":"scroll","patternColor":{"default":{"color":"#e5e7ea"}},"overlayColor":{"default":{"color":"CT_CSS_SKIP_RULE"}},"backgroundColor":{"default":{"color":"CT_CSS_SKIP_RULE"}}},"pageTitleBackground":{"background_type":"color","background_pattern":"type-1","background_image":{"attachment_id":null,"x":0,"y":0},"gradient":"linear-gradient(135deg,rgba(6,147,227,1) 0%,rgb(155,81,224) 100%)","background_repeat":"repeat","background_size":"auto","background_attachment":"scroll","patternColor":{"default":{"color":"#e5e7ea"}},"overlayColor":{"default":{"color":"CT_CSS_SKIP_RULE"}},"backgroundColor":{"default":{"color":"var(--theme-palette-color-6)"}}},"pageTitlePadding":{"top":"50px","bottom":"50px","left":"auto","right":"auto","linked":true},"b17a54b1f0e48f2fda831a59b5503107":"","page_structure_type":"default","daa56381fbfcefb461122e3544ad4598":"","content_style_source":"inherit","content_style":"wide","vertical_spacing_source":"custom","content_area_spacing":"none","background":{"background_type":"color","background_pattern":"type-1","background_image":{"attachment_id":null,"x":0,"y":0},"gradient":"linear-gradient(135deg,rgba(6,147,227,1) 0%,rgb(155,81,224) 100%)","background_repeat":"repeat","background_size":"auto","background_attachment":"scroll","patternColor":{"default":{"color":"#e5e7ea"}},"overlayColor":{"default":{"color":"CT_CSS_SKIP_RULE"}},"backgroundColor":{"default":{"color":"CT_CSS_SKIP_RULE"}}},"content_background":{"background_type":"color","background_pattern":"type-1","background_image":{"attachment_id":null,"x":0,"y":0},"gradient":"linear-gradient(135deg,rgba(6,147,227,1) 0%,rgb(155,81,224) 100%)","background_repeat":"repeat","background_size":"auto","background_attachment":"scroll","patternColor":{"default":{"color":"#e5e7ea"}},"overlayColor":{"default":{"color":"CT_CSS_SKIP_RULE"}},"backgroundColor":{"default":{"color":"var(--theme-palette-color-8)"}}},"content_boxed_shadow":{"inherit":false,"blur":18,"spread":-6,"v_offset":12,"h_offset":0,"inset":false,"enable":true,"color":{"color":"rgba(34, 56, 101, 0.04)"}},"content_boxed_border":{"width":1,"style":"none","color":{"color":"rgba(44,62,80,0.2)"}},"content_boxed_radius":{"top":"3px","bottom":"3px","left":"3px","right":"3px","linked":true},"boxed_content_spacing":{"desktop":{"top":"40px","bottom":"40px","left":"40px","right":"40px","linked":true},"tablet":{"top":"35px","bottom":"35px","left":"35px","right":"35px","linked":true},"mobile":{"top":"20px","bottom":"20px","left":"20px","right":"20px","linked":true}},"7714e4d58d5e4d0afb386fd4a595e84d":"","disable_featured_image":"no","disable_share_box":"no","disable_header":"no","disable_footer":"no","styles_descriptor":{"styles":{"desktop":"","tablet":"","mobile":""},"google_fonts":[],"version":5}},"acf":[],"aioseo_notices":[],"_links":{"self":[{"href":"https:\/\/auc.edu.tr\/kibrisaday\/wp-json\/wp\/v2\/pages\/563","targetHints":{"allow":["GET"]}}],"collection":[{"href":"https:\/\/auc.edu.tr\/kibrisaday\/wp-json\/wp\/v2\/pages"}],"about":[{"href":"https:\/\/auc.edu.tr\/kibrisaday\/wp-json\/wp\/v2\/types\/page"}],"author":[{"embeddable":true,"href":"https:\/\/auc.edu.tr\/kibrisaday\/wp-json\/wp\/v2\/users\/1"}],"replies":[{"embeddable":true,"href":"https:\/\/auc.edu.tr\/kibrisaday\/wp-json\/wp\/v2\/comments?post=563"}],"version-history":[{"count":8,"href":"https:\/\/auc.edu.tr\/kibrisaday\/wp-json\/wp\/v2\/pages\/563\/revisions"}],"predecessor-version":[{"id":3670,"href":"https:\/\/auc.edu.tr\/kibrisaday\/wp-json\/wp\/v2\/pages\/563\/revisions\/3670"}],"wp:featuredmedia":[{"embeddable":true,"href":"https:\/\/auc.edu.tr\/kibrisaday\/wp-json\/wp\/v2\/media\/568"}],"wp:attachment":[{"href":"https:\/\/auc.edu.tr\/kibrisaday\/wp-json\/wp\/v2\/media?parent=563"}],"curies":[{"name":"wp","href":"https:\/\/api.w.org\/{rel}","templated":true}]}}